mmon divisor of 13 and 221?
13
What is the greatest common factor of 10 and 12520?
10
Calculate the greatest common factor of 4 and 724.
4
What is the highest common divisor of 1210 and 44?
22
What is the greatest common divisor of 116802 and 42?
42
What is the highest common factor of 7 and 15540?
7
Calculate the highest common factor of 7 and 301.
7
What is the highest common factor of 280 and 2520?
280
Calculate the highest common divisor of 2920 and 511.
73
Calculate the highest common divisor of 1280 and 40.
40
Calculate the highest common divisor of 321 and 12.
3
Calculate the greatest common factor of 5313 and 2093.
161
Calculate the highest common factor of 54 and 1854.
18
Calculate the highest common factor of 8 and 536.
8
What is the highest common factor of 323 and 532?
19
What is the highest common divisor of 1375 and 11?
11
What is the highest common divisor of 10 and 4150?
10
What is the greatest common factor of 11 and 14234?
11
Calculate the highest common divisor of 95 and 836.
19
Calculate the greatest common factor of 812 and 464.
116
What is the highest common factor of 20 and 1780?
20
What is the highest common divisor of 424 and 35828?
212
What is the highest common factor of 422 and 6119?
211
What is the greatest common divisor of 34 and 7174?
34
What is the greatest common factor of 54 and 78?
6
What is the highest common divisor of 255 and 30?
15
Calculate the highest common divisor of 16 and 7.
1
Calculate the greatest common factor of 4584 and 120.
24
What is the highest common divisor of 238 and 112?
14
What is the greatest common factor of 3 and 81?
3
What is the highest common factor of 10 and 3530?
10
Calculate the greatest common factor of 1068 and 60.
12
Calculate the highest common divisor of 11837 and 178.
89
Calculate the highest common divisor of 21 and 15.
3
What is the highest common divisor of 26 and 39?
13
Calculate the highest common factor of 176 and 616.
88
Calculate the highest common divisor of 5 and 40.
5
What is the greatest common factor of 125 and 225?
25
What is the greatest common factor of 2101 and 11?
11
Calculate the greatest common factor of 14 and 315.
7
Calculate the greatest common divisor of 21 and 9324.
21
Calculate the greatest common divisor of 72 and 256.
8
Calculate the greatest common divisor of 415 and 1909.
83
What is the greatest common divisor of 390 and 1660?
10
Calculate the greatest common divisor of 900 and 100.
100
Calculate the greatest common divisor of 528 and 99.
33
Calculate the highest common factor of 12 and 300.
12
Calculate the greatest common factor of 33830 and 20.
10
Calculate the greatest common factor of 480 and 2112.
96
What is the highest common factor of 42 and 672?
42
Calculate the highest common factor of 72 and 9270.
18
What is the greatest common divisor of 160 and 2160?
80
Calculate the greatest common divisor of 1630 and 20.
10
What is the highest common divisor of 205 and 45?
5
What is the highest common divisor of 17485 and 130?
65
Calculate the greatest common factor of 686 and 6.
2
Calculate the highest common factor of 44 and 272.
4
What is the highest common divisor of 528 and 48?
48
Calculate the greatest common factor of 10 and 400.
10
What is the highest common factor of 685 and 10?
5
Calculate the greatest common factor of 7697 and 1253.
179
Calculate the greatest common divisor of 2403 and 27.
27
What is the highest common factor of 1044 and 612?
36
What is the greatest common factor of 185 and 35?
5
What is the highest common divisor of 27 and 207?
9
Calculate the greatest common factor of 48 and 62.
2
Calculate the greatest common divisor of 130 and 3055.
65
Calculate the greatest common divisor of 585 and 351.
117
Calculate the greatest common divisor of 1784 and 56.
8
Calculate the highest common factor of 72 and 808.
8
What is the greatest common factor of 43 and 7783?
43
Calculate the greatest common factor of 11 and 704.
11
Calculate the highest common divisor of 136 and 4658.
34
What is the highest common factor of 80 and 3088?
16
What is the highest common factor of 640 and 20?
20
Calculate the greatest common factor of 2688 and 1824.
96
What is the greatest common divisor of 112 and 14?
14
Calculate the greatest common factor of 198 and 54.
18
Calculate the greatest common divisor of 98 and 5222.
14
Calculate the highest common divisor of 48 and 12.
12
What is the highest common factor of 13706 and 56?
14
Calculate the greatest common divisor of 180 and 315.
45
Calculate the greatest common factor of 69 and 943.
23
Calculate the highest common divisor of 416 and 3488.
32
Calculate the greatest common divisor of 216 and 5328.
72
Calculate the highest common factor of 3393 and 1044.
261
What is the highest common divisor of 11 and 407?
11
Calculate the highest common divisor of 24 and 36624.
24
Calculate the highest common divisor of 221 and 867.
17
Calculate the greatest common factor of 238 and 784.
14
What is the greatest common factor of 660 and 935?
55
Calculate the greatest common factor of 8976 and 330.
66
What is the greatest common factor of 2870 and 70?
70
What is the greatest common factor of 3783 and 39?
39
What is the highest common divisor of 171 and 19?
19
Calculate the greatest common divisor of 27 and 30.
3
What is the highest common factor of 52 and 28?
4
Calculate the highest common divisor of 86 and 5762.
86
Calculate the highest common factor of 2432 and 380.
76
What is the greatest common factor of 19 and 3895?
19
What is the highest common divisor of 1662 and 54?
6
Calculate the highest common factor of 21 and 8841.
21
What is the highest common factor of 100 and 4?
4
What is the highest common factor of 6900 and 115?
115
Calculate the greatest common divisor of 3612 and 70.
14
Calculate the greatest common factor of 96 and 6.
6
Calculate the greatest common divisor of 1981 and 14.
7
What is the greatest common factor of 20 and 5?
5
Calculate the greatest common factor of 40 and 34.
2
Calculate the greatest common factor of 9 and 666.
9
What is the highest common divisor of 46716 and 102?
102
What is the highest common divisor of 91 and 21?
7
What is the highest common factor of 858 and 891?
33
What is the greatest common divisor of 29 and 261?
29
What is the highest common divisor of 935 and 10200?
85
What is the greatest common divisor of 45 and 20?
5
Calculate the highest common divisor of 1728 and 832.
64
What is the highest common factor of 660 and 924?
132
What is the greatest common divisor of 70 and 95?
5
What is the greatest common divisor of 232 and 377?
29
What is the greatest common factor of 40 and 4090?
10
What is the greatest common divisor of 92 and 10442?
46
Calculate the greatest common divisor of 152 and 1672.
152
Calculate the greatest common factor of 164 and 10496.
164
What is the greatest common factor of 330 and 30?
30
Calculate the highest common factor of 668 and 21543.
167
Calculate the greatest common factor of 44 and 40.
4
What is the greatest common divisor of 86 and 860?
86
What is the greatest common divisor of 1224 and 432?
72
Calculate the highest common divisor of 110 and 92510.
110
What is the highest common divisor of 69 and 1035?
69
Calculate the greatest common divisor of 432 and 2484.
108
Calculate the greatest common factor of 329 and 47.
47
What is the highest common factor of 88 and 220?
44
What is the highest common factor of 165 and 1210?
55
What is the greatest common divisor of 104 and 286?
26
What is the greatest common factor of 10 and 3320?
10
Calculate the greatest common divisor of 22 and 154.
22
Calculate the greatest common factor of 27 and 36.
9
What is the highest common factor of 2519 and 3664?
229
What is the highest common factor of 102 and 6?
6
What is the greatest common divisor of 64 and 20?
4
What is the highest common factor of 17 and 629?
17
Calculate the highest common divisor of 100 and 300.
100
What is the greatest common factor of 466 and 55687?
233
Calculate the highest common divisor of 3234 and 88.
22
What is the greatest common factor of 1206 and 63?
9
What is the greatest common factor of 78 and 15?
3
Calculate the highest common factor of 1370 and 30.
10
What is the greatest common factor of 29 and 7076?
29
Calculate the greate